8
What is the units digit of 44115?
5
What is the ten thousands digit of 13898?
1
What is the hundreds digit of 30394?
3
What is the hundreds digit of 215?
2
What is the units digit of 335?
5
What is the thousands digit of 10658?
0
What is the thousands digit of 1261?
1
What is the units digit of 2797?
7
What is the thousands digit of 1181?
1
What is the units digit of 26386?
6
What is the units digit of 9715?
5
What is the units digit of 2463?
3
What is the ten thousands digit of 39632?
3
What is the tens digit of 143?
4
What is the hundreds digit of 653?
6
What is the tens digit of 169?
6
What is the units digit of 24649?
9
What is the hundreds digit of 910?
9
What is the tens digit of 909?
0
What is the hundreds digit of 435?
4
What is the tens digit of 1651?
5
What is the tens digit of 5541?
4
What is the hundreds digit of 1208?
2
What is the hundreds digit of 15460?
4
What is the units digit of 731?
1
What is the thousands digit of 1744?
1
What is the tens digit of 1493?
9
What is the hundreds digit of 57293?
2
What is the units digit of 31153?
3
What is the ten thousands digit of 42170?
4
What is the ten thousands digit of 23869?
2
What is the thousands digit of 1802?
1
What is the hundreds digit of 59267?
2
What is the hundreds digit of 52049?
0
What is the thousands digit of 11588?
1
What is the thousands digit of 22307?
2
What is the tens digit of 24033?
3
What is the tens digit of 26964?
6
What is the units digit of 6319?
9
What is the units digit of 904?
4
What is the thousands digit of 23395?
3
What is the units digit of 27335?
5
What is the thousands digit of 1448?
1
What is the tens digit of 1460?
6
What is the tens digit of 163?
6
What is the tens digit of 942?
4
What is the thousands digit of 6244?
6
What is the units digit of 963?
3
What is the hundreds digit of 11055?
0
What is the hundreds digit of 822?
8
What is the units digit of 21346?
6
What is the hundreds digit of 368?
3
What is the thousands digit of 1414?
1
What is the tens digit of 114038?
3
What is the hundreds digit of 21724?
7
What is the hundred thousands digit of 102718?
1
What is the thousands digit of 1285?
1
What is the units digit of 33634?
4
What is the tens digit of 4271?
7
What is the tens digit of 59315?
1
What is the tens digit of 590?
9
What is the units digit of 4417?
7
What is the thousands digit of 3366?
3
What is the ten thousands digit of 20646?
2
What is the tens digit of 12?
1
What is the units digit of 1527?
7
What is the hundreds digit of 1810?
8
What is the hundreds digit of 268?
2
What is the hundreds digit of 8877?
8
What is the thousands digit of 3367?
3
What is the hundreds digit of 2008?
0
What is the tens digit of 1792?
9
What is the units digit of 280?
0
What is the thousands digit of 18759?
8
What is the thousands digit of 1553?
1
What is the thousands digit of 7504?
7
What is the ten thousands digit of 70850?
7
What is the hundreds digit of 3829?
8
What is the units digit of 8409?
9
What is the thousands digit of 7198?
7
What is the tens digit of 3690?
9
What is the units digit of 342?
2
What is the hundreds digit of 3542?
5
What is the tens digit of 3991?
9
What is the hundreds digit of 5541?
5
What is the units digit of 4143?
3
What is the hundreds digit of 5660?
6
What is the ten thousands digit of 16092?
1
What is the tens digit of 3881?
8
What is the hundreds digit of 976?
9
What is the tens digit of 1598?
9
What is the hundreds digit of 7844?
8
What is the thousands digit of 1039?
1
What is the tens digit of 16310?
1
What is the tens digit of 20984?
8
What is the tens digit of 48718?
1
What is the thousands digit of 11075?
1
What is the thousands digit of 37822?
7
What is the units digit of 1381?
1
What is the hundreds digit of 6421?
4
What is the ten thousands digit of 119091?
1
What is the units digit of 14740?
0
What is the hundreds digit of 2635?
6
What is the thousands digit of 2789?
2
What is the thousands digit of 5074?
5
What is the hundreds digit of 589?
5
What is the units digit of 15443?
3
What is the units digit of 5602?
2
What is the ten thousands digit of 15733?
1
What is the hundreds digit of 2343?
3
What is the tens digit of 4217?
1
What is the thousands digit of 1008?
1
What is the hundreds digit of 99689?
6
What is the hundreds digit of 2756?
7
What is the hundreds digit of 20159?
1
What is the hundreds digit of 2800?
8
What is the hundreds digit of 9762?
7
What is the hundred thousands digit of 169618?
1
What is the tens digit of 469?
6
What is the hundreds digit of 54023?
0
What is the hundreds digit of 32661?
6
What is the units digit of 6126?
6
What is the hundreds digit of 16557?
5
What is the tens digit of 5118?
1
What is the units digit of 2804?
4
What is the tens digit of 1158?
5
What is the units digit of 44124?
4
What is the hundreds digit of 627?
6
What is the units digit of 9416?
6
What is the units digit of 233?
3
What is the tens digit of 12632?
3
What is the units digit of 1915?
5
What is the hundreds digit of 86669?
6
What is the thousands digit of 1933?
1
What is the hundreds digit of 493?
4
What is the ten thousands digit of 75704?
7
What is the units digit of 462?
2
What is the tens digit of 1637?
3
What is the tens digit of 693?
9
What is the hundreds digit of 830?
8
What is the thousands digit of 18577?
8
What is the tens digit of 924?
2
What is the ten thousands digit of 24762?
2
What is the hundreds digit of 6049?
0
What is the thousands digit of 4639?
4
What is the tens digit of 2652?
5
What is the tens digit of 8561?
6
What is the hundreds digit of 489?
4
What is the units digit of 48503?
3
What is the units digit of 380?
0
What is the tens digit of 2224?
2
What is the tens digit of 9567?
6
What is the thousands digit of 37168?
7
What is the tens digit of 67614?
1
What is the hundreds digit of 8591?
5
What is the units digit of 281?
1
What is the ten thousands digit of 29273?
2
What is the tens digit of 502?
0
What is the hundred thousands digit of 124817?
1
What is the thousands digit of 2200?
2
What is the hundreds digit of 4987?
9
What is the units digit of 79188?
8
What is the hundreds digit of 212?
2
What is the tens digit of 73192?
9
What is the thousands digit of 1369?
1
What is the units digit of 125?
5
What is the hundreds digit of 2407?
4
What is the units digit of 2674?
4
What is the tens digit of 1595?
9
What is the hundreds digit of 19895?
8
What is the units digit of 1368?
8
What is the tens digit of 464?
6
What is the units digit of 25767?
7
What is the units digit of 4308?
8
What is the thousands digit of 107451?
7
What is the units digit of 2802?
2
What is the units digit of 4112?
2
What is the hundreds digit of 569?
5
What is the hundreds digit of 67418?
4
What is the tens digit of 301?
0
What is the units digit of 984?
4
What is the thousands digit of 3444?
3
What is the tens digit of 588?
8
What is the units digit of 9333?
3
What is the tens digit of 166?
6
What is the hundreds digit of 504?
5
What is the tens digit of 943?
4
What is the hundreds digit of 8851?
8
What is the hundreds digit of 1710?
7
What is the ten thousands digit of 16173?
1
What is the hundreds digit of 1642?
6
What is the hundreds digit of 3189?
1
What is the units digit of 14390?
0
What is the hundreds digit of 27830?
8
What is the thousands digit of 96095?
6
What is the units digit of 704?
4
What is the tens digit of 1809?
0
What is the thousands digit of 8970?
8
What is the thousands digit of 52357?
2
What is the ten thousands digit of 30387?
3
What is the hundreds digit of 3139?
1
What is the units digit of 1057?
7
What is the tens digit of 2030?
3
What is the ten thousands digit of 77939?
7
What is the tens digit of 2587?
8
What is the units digit of 383?
3
What is the tens digit of 88?
8
What is the tens digit of 1301?
0
What is the tens digit of 2063?
6
What is the units digit of 8534?
4
What is the tens digit of 2126?
2
What is the tens digit of 940?
4
What is the hundreds digit of 2484?
4
What is the thousands digit of 49585?
9
What is the thousands digit of 47212?
7
What is the hundreds digit of 1161?
1
What is the units digit of 218?
8
What is the units digit of 43?
3
What is the thousands digit of 7717?
7
What is the units digit of 7262?
2
What is the tens digit of 38338?
3
Wha